t m = o + a. What is the units digit of m?
1
Suppose -692*t - 72896 = -708*t. What is the thousands digit of t?
4
Suppose -9*l = -4*l + 90. Let i = l + 48. What is the units digit of i?
0
Let b = 11723 - 7005. What is the hundreds digit of b?
7
Suppose -3*r + r - g = -13, 51 = 4*r - 3*g. Suppose r*o - 134 = 8*o. What is the units digit of o?
4
Let r = 1993 - 807. What is the thousands digit of r?
1
Let w = -221 - -242. Suppose -4*f + f + 6 = 0. What is the units digit of (w/35)/(f/10)?
3
Suppose 7*y + 17 = -18. What is the units digit of (28/y)/(3/(-90))?
8
Let s be 2/5*(-75)/(-5). Let t(v) = 8*v + 2*v - s - 8*v. What is the units digit of t(6)?
6
Let n(q) = 254*q**2 - 11*q - 16. Let m(y) = -51*y**2 + 2*y + 3. Let d(z) = -11*m(z) - 2*n(z). What is the tens digit of d(-1)?
5
Let k(u) = -u**2 + 8*u - 12. Let h be k(5). Suppose -3*z = -3*t + 66, -6*z - h*t - 26 = -5*z. Let g = 51 + z. What is the tens digit of g?
2
Suppose 12 = 2*f + 4*h, 0*h - 5*h + 18 = f. What is the units digit of (-1183)/(-65) - f/(-10)?
8
Let p(g) = g**2 + 4*g + 8. Let d(c) = c**2 - 2*c - 1. Let v be d(-1). Let b be (3 - 11/1) + v. What is the units digit of p(b)?
0
Let y(k) = k**2 - 7*k + 1. Let s be y(7). Let z = s + 1. Suppose 4*r - 34 = z*r. What is the units digit of r?
7
Let x = 218 + -155. What is the tens digit of x?
6
Suppose 3*m - 1895 + 335 = 0. What is the units digit of m?
0
Let t be 4/(-2) + (6 - -1). Let v be (-2 - t)*(-10)/7. Suppose -2*a + v = -0, 0 = 5*n + 3*a - 165. What is the units digit of n?
0
Let s be (3 - (-1 + 0)) + 2. Let d(z) = -33*z - 10. Let x be d(-6). Suppose 0 = s*b - 82 - x. What is the units digit of b?
5
Let a = 373 - 184. Suppose -4*q + 3*o = -256, -3*o - a = -2*q - q. What is the tens digit of q?
6
Suppose -2*s - 3720 = 4*m - 7*m, m + 5*s - 1240 = 0. What is the tens digit of m?
4
Suppose -3728 - 5424 = -13*x. What is the hundreds digit of x?
7
Let j be (5/2)/(2/4). Suppose -j*t + 20 = 5*n, 3*n - 6 = -5*t + 10. What is the units digit of t?
2
What is the thousands digit of ((-3)/3)/(2 + -3)*1393?
1
Let q = 310 + -211. Let i = q - 68. What is the tens digit of i?
3
Suppose -5*l = -2*l - 429. Suppose -2*v + q + l = 0, 5*q + 0 = v - 76. What is the units digit of v?
1
What is the units digit of (9 + 510/(-40))/((-1)/88)?
0
Let o = 4466 + -2469. What is the hundreds digit of o?
9
What is the units digit of 41861/82 - 6/(-4)?
2
Let o = -593 + 239. What is the hundreds digit of o/4*(-4)/3?
1
Let j = 102 + 26. Suppose 5*q = 42 + j. Suppose y - 3*y + q = 0. What is the units digit of y?
7
Suppose -3*o = -5*i + 54, 3*i - 29 = 2*o + 8. Let u = o - -34. Suppose 45 = -8*p + u*p. What is the units digit of p?
5
Let s be ((-16)/(-6))/((-2)/(-36)). Suppose s = -5*q + 203. What is the units digit of q?
1
Let o = -210 + 282. What is the units digit of o?
2
Suppose 574 = 2*i - 344. What is the hundreds digit of i?
4
Suppose -24*d + 67*d = 48504. What is the units digit of d?
8
What is the hundreds digit of ((-9)/18)/((-3)/2526)?
4
Let g be -2 - -2 - -2 - 6. Let b be (-39)/9 + g/(-12). What is the units digit of (1 + b)*128/(-12)?
2
Let v be (-4)/(-10) - 13/(-5). Let z be 4/8*(25 - v). Let p = z - -20. What is the units digit of p?
1
Suppose 1592 + 9158 = 10*b. What is the units digit of b?
5
Let z(n) = 52*n**2 - 65*n**2 + 6*n - 5 - n**3 + 0. What is the tens digit of z(-14)?
0
Suppose 3*d + h - 2077 = 0, 4*d + 5*h = -478 + 3251. What is the units digit of d?
2
Let q(v) = v + 10. Let c be q(-12). What is the units digit of (c/6)/(7/(-21))?
1
Suppose -2*o = 3*j + 11, 2*o + 2*j = 7*o - 20. Suppose y + 3*h = 4*y, -o*y - 2*h = 0. Suppose -s - s + 2 = y. What is the units digit of s?
1
Suppose -2*d - 3*y - 34 = -y, -3*y = -d - 33. Let v be ((-21)/(-4))/(d/(-196)). Suppose -l + v = 4*o, -1 + 6 = 5*l. What is the tens digit of o?
1
Let v(m) = -m**2 + 12*m + 2. Let d = -27 - -39. Let c be v(d). Suppose -s - 79 = -2*k + c, 0 = -4*k - 4*s + 132. What is the units digit of k?
8
Let o(r) = r**2 - 4*r + 19. What is the hundreds digit of o(17)?
2
Suppose -4*b + 6 = -2. Suppose -b*m - 10 = 8. What is the tens digit of 18/12*(-66)/m?
1
Let l = 7 - 0. Suppose 5*j = 2 - l. What is the tens digit of (j + 5 + -3)*25?
2
Let j(p) = 11*p**3 - 28*p**2 + 64*p + 24. What is the tens digit of j(8)?
7
Let j(x) = -x**2 - 14*x + 35. Suppose -3*o - 5*k - 32 = 0, 15 = 3*o - 5*o + 3*k. What is the units digit of j(o)?
0
Suppose -30 = -7*d + d. Suppose -d*t = -74 + 59. What is the units digit of t?
3
Suppose -9*o = -11633 - 10813. What is the hundreds digit of o?
4
Let u(t) = 32*t - 9. Let w(i) = -31*i + 10. Let c(k) = 5*u(k) + 6*w(k). What is the units digit of c(-3)?
3
Let b = -10 - -20. Let i = b + -24. What is the tens digit of i*(2 - 27/6)?
3
Let g be -1 - -4 - (3 - 0). Suppose -3*v + 0*v - 3 = g. What is the tens digit of 6/(v/(8/(-3)))?
1
Let s(q) = q**2 + 14*q + 15. Suppose v = -2 - 11. Let n be s(v). What is the tens digit of -1*(52/(-1))/n?
2
Suppose -4*q = -g - 8487, -55*g - 10590 = -5*q - 50*g. What is the units digit of q?
3
What is the units digit of 117664/88 - (-3)/(-33)?
7
Let l = 115 + 126. Let t = -38 + l. What is the tens digit of t?
0
What is the tens digit of (1 - (-8 - -8))/((-1)/(-431))?
3
Let i(p) = 99*p**2 + 7*p + 5. Let b(q) = -q**2 - q - 1. Let t(w) = 6*b(w) + i(w). Let n be t(1). Suppose -3*f + n + 60 = 0. What is the tens digit of f?
5
Let m be 1 + 0 + 33 + -3. Let u = 74 - m. Let o = 16 + u. What is the units digit of o?
9
Let q(z) = 6*z**2 + 79*z + 5. Let g be q(-14). Let o be (1 - 1) + (-42)/(-2). Let p = g - o. What is the units digit of p?
4
Suppose 3*m + 6*h - 1524 = 1908, 5*h + 5795 = 5*m. What is the hundreds digit of m?
1
Let k = 338 + -308. What is the units digit of k?
0
Let f(z) be the third derivative of z**6/120 - z**5/60 - z**4/24 + z**3/2 + 5*z**2. Let c be f(0). Let x = c + 7. What is the tens digit of x?
1
Let p = -131 - -136. Suppose 3*l = 9, -p*f + 4*l + 1279 = 2*l. What is the units digit of f?
7
Suppose -2*d - o - 307 = 0, d + 768 = -4*d - 3*o. Let y = d + 243. What is the tens digit of y?
9
Let v(a) = 3584*a - 51. What is the units digit of v(1)?
3
Let s = -460 + 1266. What is the units digit of s?
6
Let g(r) = 3 - 1 - 2 - 5 + 30*r. Let h(o) = 15*o - 3. Let n(d) = 6*g(d) - 10*h(d). What is the tens digit of n(1)?
3
Let n(j) = 10*j**2 + 54*j + 2. What is the tens digit of n(-12)?
9
Let s(j) = -j + 5. Let w be s(-8). Suppose 3 = -5*x + w. Suppose 4*c - 17 = -q + 34, -3*q + 23 = x*c. What is the units digit of c?
3
Let t = -29 + 27. What is the tens digit of 302*((-5)/t)/5?
5
What is the units digit of 465 - 7/21*-3?
6
Let h = 1535 - 1082. What is the units digit of h?
3
Let x = -7 + 12. Let g be (-2)/(-2)*(5 - x). Suppose 3*s - 19 = -2*l, -4*l + 0*l - 3*s + 23 = g. What is the units digit of l?
2
Let w(n) = -n**2 + 3*n - 7. Let c be w(6). Let x = c - -49. Suppose 7*p = 5*p + x. What is the units digit of p?
2
Let o(t) = -2*t**3 - 26*t**2 - 36*t - 4. What is the hundreds digit of o(-13)?
4
Let u be 12/(-7) - -2 - (-54)/7. What is the units digit of 4*(-4)/u - -11?
9
What is the hundreds digit of (-21525)/(-10) - 6/4?
1
Suppose -16*g + 10*g + 7974 = 0. What is the tens digit of g?
2
Let t(m) = -m**3 - 4*m**2 + 2*m - 5. Let z be t(-5). Let c = z + -4. What is the units digit of ((-4)/c)/((-4)/162)?
7
Let c = 3045 - 688. What is the tens digit of c?
5
Let o = -810 - -1354. Suppose -o = 6*a - 1834. What is the tens digit of a?
1
Suppose 2727 = 2*h + t, 6*h - 6743 = -4*t + 1433. What is the units digit of h?
6
Suppose 3*j + 1983 = 5*d - 1149, -3*j + 3108 = 5*d. What is the tens digit of d?
2
Suppose -4*s + 2185 = 5*a, -5*a + 1079 + 561 = 3*s. What is the tens digit of s?
4
Let m be (9/(-27))/((-1)/6). Let t be 28/10 - m/(-10). Suppose 0 = -p + 3*u + 30, 0 = -2*p + t*p - 4*u - 32. What is the units digit of p?
4
Suppose -3*k = 201 - 525. Suppose 7*i = 13*i - k. What is the tens digit of i?
1
Let a = -5 + 16. Let r(o) = -8*o - 12*o**2 + 13*o + 4*o - 8 + 6*o + o**3. What is the tens digit of r(a)?
3
Suppose 10*v - 16*v = -72. Let r(i) = 2*i**2 - 6*i + 4. What is the hundreds digit of r(v)?
2
Suppose 0 = 3*a - 9, -4*t = -4*a + 1445 - 3789. What is the hundreds digit of t?
5
Suppose 20*l - 6490 = -2*l. What is the hundreds digit of l?
2
Suppose